{"id":1683,"date":"2024-02-20T21:56:18","date_gmt":"2024-02-21T02:56:18","guid":{"rendered":"https:\/\/ranchovaqueromutata.co\/?page_id=1683"},"modified":"2024-05-28T16:24:17","modified_gmt":"2024-05-28T21:24:17","slug":"discoteca","status":"publish","type":"page","link":"https:\/\/ranchovaqueromutata.co\/?page_id=1683","title":{"rendered":"Discoteca y eventos"},"content":{"rendered":"\n<div class=\"wp-block-uagb-container uagb-block-380ab051 alignfull uagb-is-root-container\"><div class=\"uagb-container-inner-blocks-wrap\">\n<div class=\"wp-block-uagb-container uagb-block-52b8eb82\">\n<div class=\"wp-block-uagb-container uagb-block-af02c1d5\">\n<div class=\"wp-block-uagb-container uagb-block-17d14378\">\n<div class=\"wp-block-uagb-container uagb-block-2e6212e4\">\n<div class=\"wp-block-uagb-image aligncenter uagb-block-6bdb64f1 wp-block-uagb-image--layout-default wp-block-uagb-image--effect-static wp-block-uagb-image--align-center\"><figure class=\"wp-block-uagb-image__figure\"><img decoding=\"async\" srcset=\"https:\/\/ranchovaqueromutata.co\/wp-content\/uploads\/2018\/10\/divider-free-img-1.png , httpss:\/\/websitedemos.net\/bbq-restaurant-08\/wp-content\/uploads\/sites\/694\/2018\/10\/divider-free-img-1-150x35.png 360w\" sizes=\"auto, (max-width: 480px) 150px\" src=\"https:\/\/ranchovaqueromutata.co\/wp-content\/uploads\/2018\/10\/divider-free-img-1.png\" alt=\"\" class=\"uag-image-12\" width=\"200\" height=\"35\" title=\"\" loading=\"lazy\" role=\"img\"\/><\/figure><\/div>\n\n\n\n<div class=\"wp-block-uagb-info-box uagb-block-83e0a0dc uagb-infobox__content-wrap  uagb-infobox-icon-above-title uagb-infobox-image-valign-top\"><div class=\"uagb-ifb-content\"><div class=\"uagb-ifb-title-wrap\"><span class=\"uagb-ifb-title-prefix\">DISCOTECA Y EVENTOS<\/span><h1 class=\"uagb-ifb-title\"><br><strong>RANCHO<br> VAQUERO\u200b<\/strong><\/h1><\/div><p class=\"uagb-ifb-desc\">Disfruta del mejor sitio con los mejores eventos de todo Urab\u00e1 antioque\u00f1o comparte grandes momentos junto a nosotros en el este m\u00e1gico sitio<\/p><\/div><\/div>\n<\/div>\n<\/div>\n<\/div>\n<\/div>\n<\/div><\/div>\n\n\n\n<hr class=\"wp-block-separator has-alpha-channel-opacity\"\/>\n\n\n\n<div class=\"wp-block-uagb-container uagb-block-6404baa7 alignfull uagb-is-root-container\"><div class=\"uagb-container-inner-blocks-wrap\">\n<div class=\"wp-block-uagb-container uagb-block-e1e01d3b\">\n<figure class=\"wp-block-image size-large\"><img loading=\"lazy\" decoding=\"async\" width=\"768\" height=\"1024\" src=\"http:\/\/ranchovaqueromutata.co\/wp-content\/uploads\/2024\/02\/WhatsApp-Image-2024-02-19-at-3.05.15-PM-768x1024.jpeg\" alt=\"\" class=\"wp-image-1691\" srcset=\"https:\/\/ranchovaqueromutata.co\/wp-content\/uploads\/2024\/02\/WhatsApp-Image-2024-02-19-at-3.05.15-PM-768x1024.jpeg 768w, https:\/\/ranchovaqueromutata.co\/wp-content\/uploads\/2024\/02\/WhatsApp-Image-2024-02-19-at-3.05.15-PM-225x300.jpeg 225w, https:\/\/ranchovaqueromutata.co\/wp-content\/uploads\/2024\/02\/WhatsApp-Image-2024-02-19-at-3.05.15-PM-600x800.jpeg 600w, https:\/\/ranchovaqueromutata.co\/wp-content\/uploads\/2024\/02\/WhatsApp-Image-2024-02-19-at-3.05.15-PM.jpeg 960w\" sizes=\"auto, (max-width: 768px) 100vw, 768px\" \/><\/figure>\n<\/div>\n\n\n\n<div class=\"wp-block-uagb-container uagb-block-01f943a8\">\n<figure class=\"wp-block-image size-large\"><img loading=\"lazy\" decoding=\"async\" width=\"768\" height=\"1024\" src=\"http:\/\/ranchovaqueromutata.co\/wp-content\/uploads\/2024\/02\/WhatsApp-Image-2024-02-21-at-3.43.06-PM-768x1024.jpeg\" alt=\"\" class=\"wp-image-1695\" srcset=\"https:\/\/ranchovaqueromutata.co\/wp-content\/uploads\/2024\/02\/WhatsApp-Image-2024-02-21-at-3.43.06-PM-768x1024.jpeg 768w, https:\/\/ranchovaqueromutata.co\/wp-content\/uploads\/2024\/02\/WhatsApp-Image-2024-02-21-at-3.43.06-PM-225x300.jpeg 225w, https:\/\/ranchovaqueromutata.co\/wp-content\/uploads\/2024\/02\/WhatsApp-Image-2024-02-21-at-3.43.06-PM-1152x1536.jpeg 1152w, https:\/\/ranchovaqueromutata.co\/wp-content\/uploads\/2024\/02\/WhatsApp-Image-2024-02-21-at-3.43.06-PM-600x800.jpeg 600w, https:\/\/ranchovaqueromutata.co\/wp-content\/uploads\/2024\/02\/WhatsApp-Image-2024-02-21-at-3.43.06-PM.jpeg 1200w\" sizes=\"auto, (max-width: 768px) 100vw, 768px\" \/><\/figure>\n<\/div>\n\n\n\n<div class=\"wp-block-uagb-container uagb-block-a119692f\">\n<figure class=\"wp-block-image size-large\"><img loading=\"lazy\" decoding=\"async\" width=\"768\" height=\"1024\" src=\"http:\/\/ranchovaqueromutata.co\/wp-content\/uploads\/2024\/02\/WhatsApp-Image-2024-02-19-at-3.05.16-PM-768x1024.jpeg\" alt=\"\" class=\"wp-image-1692\" srcset=\"https:\/\/ranchovaqueromutata.co\/wp-content\/uploads\/2024\/02\/WhatsApp-Image-2024-02-19-at-3.05.16-PM-768x1024.jpeg 768w, https:\/\/ranchovaqueromutata.co\/wp-content\/uploads\/2024\/02\/WhatsApp-Image-2024-02-19-at-3.05.16-PM-225x300.jpeg 225w, https:\/\/ranchovaqueromutata.co\/wp-content\/uploads\/2024\/02\/WhatsApp-Image-2024-02-19-at-3.05.16-PM-600x800.jpeg 600w, https:\/\/ranchovaqueromutata.co\/wp-content\/uploads\/2024\/02\/WhatsApp-Image-2024-02-19-at-3.05.16-PM.jpeg 960w\" sizes=\"auto, (max-width: 768px) 100vw, 768px\" \/><\/figure>\n<\/div>\n<\/div><\/div>\n\n\n\n<hr class=\"wp-block-separator has-alpha-channel-opacity\"\/>\n\n\n\n<div class=\"wp-block-uagb-container uagb-block-06e3519c alignfull uagb-is-root-container\"><div class=\"uagb-container-inner-blocks-wrap\">\n<div class=\"wp-block-buttons is-content-justification-space-between is-layout-flex wp-container-core-buttons-is-layout-b2891da8 wp-block-buttons-is-layout-flex\">\n<div class=\"wp-block-button\"><a class=\"wp-block-button__link wp-element-button\" href=\"https:\/\/ranchovaqueromutata.co\/?page_id=1665\">Senderismo<\/a><\/div>\n\n\n\n<div class=\"wp-block-button\"><a class=\"wp-block-button__link wp-element-button\">Montar a caballo<\/a><\/div>\n\n\n\n<div class=\"wp-block-button\"><a class=\"wp-block-button__link wp-element-button\">PISTA DE CARROS ATC, UTV, MOTOCROS<\/a><\/div>\n\n\n\n<div class=\"wp-block-button\"><a class=\"wp-block-button__link wp-element-button\" href=\"https:\/\/ranchovaqueromutata.co\/?page_id=1505\">Reservaciones<\/a><\/div>\n<\/div>\n<\/div><\/div>\n\n\n\n<hr class=\"wp-block-separator has-alpha-channel-opacity\"\/>\n\n\n\t\t\t<div \n\t\t\tclass=\"wp-block-uagb-google-map uagb-google-map__wrap uagb-block-5c056579     \"\n\t\t\tstyle=\"\" >\n\t\t\t\t<embed\n\t\t\t\t\tclass=\"uagb-google-map__iframe\"\n\t\t\t\t\ttitle=\"Mapa de Google de\"\n\t\t\t\t\tsrc=\"https:\/\/maps.google.com\/maps?q=Brainstorm%20Force&#038;z=12&#038;hl=en&#038;t=m&#038;output=embed&#038;iwloc=near\"\n\t\t\t\t\twidth=\"640\"\n\t\t\t\t\theight=\"300\"\n\t\t\t\t\tloading=\"lazy\"\n\t\t\t\t><\/embed>\n\t\t\t<\/div>\n\t\t\t\n\n\n<hr class=\"wp-block-separator has-alpha-channel-opacity\"\/>\n\n\n\n<div class=\"wp-block-uagb-container uagb-block-455c76ae alignfull uagb-is-root-container\"><div class=\"uagb-container-inner-blocks-wrap\">\n<div class=\"wp-block-uagb-advanced-heading uagb-block-4d7d1b2c\"><h2 class=\"uagb-heading-text\">EVENTOS <\/h2><\/div>\n<\/div><\/div>\n\n\n\n<hr class=\"wp-block-separator has-alpha-channel-opacity\"\/>\n\n\n\n<div class=\"wp-block-uagb-container uagb-block-93933451 alignfull uagb-is-root-container\"><div class=\"uagb-container-inner-blocks-wrap\">\n<div class=\"wp-block-uagb-container uagb-block-9831c439\">\n<figure class=\"wp-block-image size-large is-resized\"><img loading=\"lazy\" decoding=\"async\" width=\"763\" height=\"1024\" src=\"http:\/\/ranchovaqueromutata.co\/wp-content\/uploads\/2024\/05\/WhatsApp-Image-2024-05-26-at-6.47.33-AM-763x1024.jpeg\" alt=\"\" class=\"wp-image-1718\" style=\"width:321px;height:auto\" srcset=\"https:\/\/ranchovaqueromutata.co\/wp-content\/uploads\/2024\/05\/WhatsApp-Image-2024-05-26-at-6.47.33-AM-763x1024.jpeg 763w, https:\/\/ranchovaqueromutata.co\/wp-content\/uploads\/2024\/05\/WhatsApp-Image-2024-05-26-at-6.47.33-AM-224x300.jpeg 224w, https:\/\/ranchovaqueromutata.co\/wp-content\/uploads\/2024\/05\/WhatsApp-Image-2024-05-26-at-6.47.33-AM-768x1031.jpeg 768w, https:\/\/ranchovaqueromutata.co\/wp-content\/uploads\/2024\/05\/WhatsApp-Image-2024-05-26-at-6.47.33-AM-600x805.jpeg 600w, https:\/\/ranchovaqueromutata.co\/wp-content\/uploads\/2024\/05\/WhatsApp-Image-2024-05-26-at-6.47.33-AM.jpeg 810w\" sizes=\"auto, (max-width: 763px) 100vw, 763px\" \/><\/figure>\n<\/div>\n\n\n\n<div class=\"wp-block-uagb-container uagb-block-88735c91\">\n<figure class=\"wp-block-image size-large is-resized\"><img loading=\"lazy\" decoding=\"async\" width=\"820\" height=\"1024\" src=\"http:\/\/ranchovaqueromutata.co\/wp-content\/uploads\/2024\/05\/WhatsApp-Image-2024-03-05-at-5.06.42-PM-820x1024.jpeg\" alt=\"\" class=\"wp-image-1719\" style=\"width:347px;height:auto\" srcset=\"https:\/\/ranchovaqueromutata.co\/wp-content\/uploads\/2024\/05\/WhatsApp-Image-2024-03-05-at-5.06.42-PM-820x1024.jpeg 820w, https:\/\/ranchovaqueromutata.co\/wp-content\/uploads\/2024\/05\/WhatsApp-Image-2024-03-05-at-5.06.42-PM-240x300.jpeg 240w, https:\/\/ranchovaqueromutata.co\/wp-content\/uploads\/2024\/05\/WhatsApp-Image-2024-03-05-at-5.06.42-PM-768x959.jpeg 768w, https:\/\/ranchovaqueromutata.co\/wp-content\/uploads\/2024\/05\/WhatsApp-Image-2024-03-05-at-5.06.42-PM-600x749.jpeg 600w, https:\/\/ranchovaqueromutata.co\/wp-content\/uploads\/2024\/05\/WhatsApp-Image-2024-03-05-at-5.06.42-PM.jpeg 1081w\" sizes=\"auto, (max-width: 820px) 100vw, 820px\" \/><\/figure>\n<\/div>\n\n\n\n<div class=\"wp-block-uagb-container uagb-block-a7b18d0b\"><\/div>\n<\/div><\/div>\n\n\n\n<hr class=\"wp-block-separator has-alpha-channel-opacity\"\/>\n","protected":false},"excerpt":{"rendered":"<p>EVENTOS<\/p>\n","protected":false},"author":1,"featured_media":0,"parent":0,"menu_order":0,"comment_status":"closed","ping_status":"closed","template":"","meta":{"om_disable_all_campaigns":false,"_uag_custom_page_level_css":"","_monsterinsights_skip_tracking":false,"_monsterinsights_sitenote_active":false,"_monsterinsights_sitenote_note":"","_monsterinsights_sitenote_category":0,"site-sidebar-layout":"default","site-content-layout":"","ast-site-content-layout":"default","site-content-style":"default","site-sidebar-style":"default","ast-global-header-display":"","ast-banner-title-visibility":"","ast-main-header-display":"","ast-hfb-above-header-display":"","ast-hfb-below-header-display":"","ast-hfb-mobile-header-display":"","site-post-title":"","ast-breadcrumbs-content":"","ast-featured-img":"","footer-sml-layout":"","theme-transparent-header-meta":"","adv-header-id-meta":"","stick-header-meta":"","header-above-stick-meta":"","header-main-stick-meta":"","header-below-stick-meta":"","astra-migrate-meta-layouts":"set","ast-page-background-enabled":"default","ast-page-background-meta":{"desktop":{"background-color":"","background-image":"","background-repeat":"repeat","background-position":"center center","background-size":"auto","background-attachment":"scroll","background-type":"","background-media":"","overlay-type":"","overlay-color":"","overlay-opacity":"","overlay-gradient":""},"tablet":{"background-color":"","background-image":"","background-repeat":"repeat","background-position":"center center","background-size":"auto","background-attachment":"scroll","background-type":"","background-media":"","overlay-type":"","overlay-color":"","overlay-opacity":"","overlay-gradient":""},"mobile":{"background-color":"","background-image":"","background-repeat":"repeat","background-position":"center center","background-size":"auto","background-attachment":"scroll","background-type":"","background-media":"","overlay-type":"","overlay-color":"","overlay-opacity":"","overlay-gradient":""}},"ast-content-background-meta":{"desktop":{"background-color":"var(--ast-global-color-5)","background-image":"","background-repeat":"repeat","background-position":"center center","background-size":"auto","background-attachment":"scroll","background-type":"","background-media":"","overlay-type":"","overlay-color":"","overlay-opacity":"","overlay-gradient":""},"tablet":{"background-color":"var(--ast-global-color-5)","background-image":"","background-repeat":"repeat","background-position":"center center","background-size":"auto","background-attachment":"scroll","background-type":"","background-media":"","overlay-type":"","overlay-color":"","overlay-opacity":"","overlay-gradient":""},"mobile":{"background-color":"var(--ast-global-color-5)","background-image":"","background-repeat":"repeat","background-position":"center center","background-size":"auto","background-attachment":"scroll","background-type":"","background-media":"","overlay-type":"","overlay-color":"","overlay-opacity":"","overlay-gradient":""}},"footnotes":""},"class_list":["post-1683","page","type-page","status-publish","hentry"],"aioseo_notices":[],"uagb_featured_image_src":{"full":false,"thumbnail":false,"medium":false,"medium_large":false,"large":false,"1536x1536":false,"2048x2048":false,"woocommerce_thumbnail":false,"woocommerce_single":false,"woocommerce_gallery_thumbnail":false},"uagb_author_info":{"display_name":"ranchovaqueromutata","author_link":"https:\/\/ranchovaqueromutata.co\/?author=1"},"uagb_comment_info":0,"uagb_excerpt":"EVENTOS","_links":{"self":[{"href":"https:\/\/ranchovaqueromutata.co\/index.php?rest_route=\/wp\/v2\/pages\/1683","targetHints":{"allow":["GET"]}}],"collection":[{"href":"https:\/\/ranchovaqueromutata.co\/index.php?rest_route=\/wp\/v2\/pages"}],"about":[{"href":"https:\/\/ranchovaqueromutata.co\/index.php?rest_route=\/wp\/v2\/types\/page"}],"author":[{"embeddable":true,"href":"https:\/\/ranchovaqueromutata.co\/index.php?rest_route=\/wp\/v2\/users\/1"}],"replies":[{"embeddable":true,"href":"https:\/\/ranchovaqueromutata.co\/index.php?rest_route=%2Fwp%2Fv2%2Fcomments&post=1683"}],"version-history":[{"count":19,"href":"https:\/\/ranchovaqueromutata.co\/index.php?rest_route=\/wp\/v2\/pages\/1683\/revisions"}],"predecessor-version":[{"id":1733,"href":"https:\/\/ranchovaqueromutata.co\/index.php?rest_route=\/wp\/v2\/pages\/1683\/revisions\/1733"}],"wp:attachment":[{"href":"https:\/\/ranchovaqueromutata.co\/index.php?rest_route=%2Fwp%2Fv2%2Fmedia&parent=1683"}],"curies":[{"name":"wp","href":"https:\/\/api.w.org\/{rel}","templated":true}]}}